tor of 118 and 15222?
118
What is the highest common divisor of 57 and 12?
3
What is the greatest common divisor of 705 and 1128?
141
Calculate the highest common factor of 5 and 10.
5
What is the greatest common divisor of 348 and 1305?
87
Calculate the greatest common divisor of 81 and 162.
81
What is the highest common divisor of 37 and 518?
37
Calculate the greatest common divisor of 16 and 144.
16
What is the greatest common divisor of 1115 and 15?
5
What is the highest common divisor of 8 and 134?
2
What is the highest common factor of 125 and 2000?
125
What is the highest common divisor of 469 and 28?
7
Calculate the highest common factor of 793 and 169.
13
Calculate the greatest common factor of 1632 and 4692.
204
What is the greatest common divisor of 6 and 1005?
3
What is the greatest common divisor of 80 and 12100?
20
Calculate the highest common divisor of 790 and 20.
10
Calculate the highest common divisor of 77 and 13321.
77
Calculate the greatest common factor of 5040 and 480.
240
What is the greatest common factor of 6097 and 1092?
91
What is the greatest common factor of 7849 and 94?
47
What is the highest common factor of 170 and 2006?
34
What is the highest common factor of 43 and 817?
43
What is the highest common divisor of 1255 and 10?
5
Calculate the greatest common factor of 70 and 44.
2
Calculate the highest common divisor of 7952 and 112.
112
What is the highest common factor of 111 and 37?
37
What is the greatest common factor of 23 and 41?
1
Calculate the greatest common factor of 2760 and 10.
10
Calculate the highest common divisor of 13 and 3757.
13
What is the greatest common divisor of 31 and 3?
1
Calculate the greatest common factor of 12 and 4.
4
Calculate the highest common divisor of 3308 and 12.
4
What is the highest common factor of 272 and 976?
16
What is the highest common divisor of 9 and 75?
3
What is the greatest common divisor of 5278 and 14?
14
What is the highest common factor of 16 and 208?
16
Calculate the highest common factor of 1157 and 89.
89
What is the greatest common divisor of 167 and 42919?
167
What is the greatest common factor of 2871 and 99?
99
What is the greatest common divisor of 242 and 55?
11
Calculate the greatest common divisor of 8 and 248.
8
Calculate the greatest common divisor of 113 and 1243.
113
Calculate the greatest common divisor of 22260 and 7.
7
Calculate the greatest common divisor of 64 and 12.
4
Calculate the highest common divisor of 18174 and 39.
39
Calculate the greatest common factor of 1 and 89.
1
Calculate the greatest common factor of 26 and 2652.
26
Calculate the highest common divisor of 266 and 378.
14
Calculate the highest common divisor of 88 and 64.
8
What is the greatest common factor of 1015 and 140?
35
Calculate the greatest common factor of 4 and 248.
4
Calculate the highest common factor of 323 and 38.
19
What is the highest common factor of 41 and 287?
41
Calculate the highest common factor of 7 and 49.
7
What is the greatest common divisor of 57 and 285?
57
Calculate the greatest common factor of 5141 and 388.
97
What is the greatest common divisor of 6 and 54618?
6
Calculate the greatest common divisor of 9727 and 137.
137
Calculate the highest common factor of 22 and 4.
2
What is the highest common divisor of 4573 and 17?
17
Calculate the greatest common divisor of 2 and 2362.
2
What is the highest common factor of 424 and 144?
8
What is the greatest common divisor of 1600 and 20?
20
Calculate the highest common factor of 2385 and 159.
159
What is the highest common factor of 30 and 42?
6
Calculate the highest common divisor of 335 and 35.
5
Calculate the highest common divisor of 345 and 885.
15
Calculate the greatest common factor of 16 and 632.
8
What is the highest common divisor of 87 and 812?
29
Calculate the highest common divisor of 402 and 12.
6
What is the highest common factor of 30 and 210?
30
Calculate the highest common divisor of 21 and 2541.
21
Calculate the greatest common divisor of 2613 and 858.
39
Calculate the highest common factor of 1092 and 455.
91
Calculate the highest common factor of 105 and 504.
21
What is the highest common divisor of 855 and 90?
45
What is the greatest common divisor of 46 and 5175?
23
What is the greatest common factor of 207 and 11661?
69
What is the highest common factor of 72 and 600?
24
Calculate the greatest common factor of 90 and 495.
45
What is the highest common divisor of 104 and 884?
52
What is the greatest common factor of 4968 and 162?
54
Calculate the greatest common divisor of 315 and 70.
35
Calculate the highest common factor of 1400 and 2072.
56
What is the highest common divisor of 102 and 544?
34
What is the greatest common divisor of 10 and 680?
10
Calculate the greatest common factor of 20 and 210.
10
What is the greatest common factor of 5152 and 805?
161
What is the greatest common factor of 27 and 3?
3
What is the highest common factor of 4740 and 10?
10
Calculate the highest common divisor of 49 and 5929.
49
What is the highest common divisor of 19 and 31825?
19
What is the highest common divisor of 444 and 24?
12
Calculate the greatest common factor of 5 and 11.
1
What is the greatest common divisor of 534 and 3?
3
Calculate the highest common factor of 80 and 6050.
10
Calculate the greatest common factor of 74 and 5809.
37
What is the highest common factor of 57400 and 175?
175
What is the highest common divisor of 12 and 636?
12
What is the greatest common factor of 840 and 952?
56
What is the greatest common divisor of 234 and 78?
78
What is the highest common divisor of 2331 and 851?
37
What is the highest common factor of 80 and 1390?
10
Calculate the highest common factor of 77 and 110.
11
Calculate the highest common divisor of 55 and 671.
11
What is the highest common factor of 30 and 6258?
6
What is the greatest common factor of 22 and 16181?
11
What is the greatest common factor of 2686 and 68?
34
What is the highest common factor of 161 and 21?
7
Calculate the greatest common divisor of 10750 and 86.
86
Calculate the highest common divisor of 33 and 759.
33
Calculate the greatest common factor of 148 and 27750.
74
What is the greatest common factor of 8 and 7688?
8
What is the greatest common factor of 8 and 696?
8
Calculate the greatest common divisor of 99 and 11.
11
What is the highest common divisor of 1162 and 266?
14
Calculate the greatest common divisor of 3007 and 31.
31
Calculate the greatest common factor of 6094 and 22.
22
What is the highest common factor of 8 and 516?
4
What is the greatest common factor of 108 and 720?
36
What is the highest common factor of 2075 and 83?
83
Calculate the highest common divisor of 160 and 30.
10
Calculate the highest common divisor of 32734 and 26.
26
Calculate the greatest common factor of 44 and 12.
4
What is the greatest common factor of 962 and 52?
26
Calculate the highest common factor of 132 and 1958.
22
What is the greatest common divisor of 2023 and 22542?
289
Calculate the highest common factor of 1968 and 48.
48
Calculate the greatest common factor of 220 and 2035.
55
What is the highest common divisor of 100 and 580?
20
Calculate the highest common factor of 66 and 1023.
33
Calculate the greatest common divisor of 217 and 23033.
31
Calculate the highest common factor of 85 and 5.
5
Calculate the greatest common factor of 6 and 384.
6
What is the greatest common factor of 14 and 112?
14
What is the highest common factor of 14 and 126?
14
Calculate the greatest common factor of 10 and 160.
10
Calculate the greatest common factor of 1350 and 594.
54
Calculate the highest common factor of 192 and 1632.
96
Calculate the greatest common divisor of 18 and 276.
6
What is the highest common factor of 132 and 99?
33
What is the highest common divisor of 20 and 460?
20
What is the highest common factor of 150 and 100?
50
Calculate the greatest common divisor of 72 and 376.
8
Calculate the highest common divisor of 24 and 264.
24
Calculate the greatest common divisor of 1 and 131.
1
What is the greatest common factor of 22263 and 246?
123
Calculate the greatest common factor of 1933 and 3.
1
Calculate the greatest common factor of 15 and 520.
5
What is the greatest common divisor of 130 and 689?
13
Calculate 